?
18
Calculate the remainder when 15317 is divided by 5092.
41
What is the remainder when 13541 is divided by 137?
115
Calculate the remainder when 7780 is divided by 129.
40
Calculate the remainder when 2168 is divided by 64.
56
Calculate the remainder when 1867 is divided by 636.
595
Calculate the remainder when 18298 is divided by 21.
7
What is the remainder when 793 is divided by 193?
21
What is the remainder when 312 is divided by 37?
16
What is the remainder when 36532 is divided by 18262?
8
Calculate the remainder when 734703 is divided by 977.
976
Calculate the remainder when 96899 is divided by 13842.
5
Calculate the remainder when 365563 is divided by 15.
13
What is the remainder when 781 is divided by 242?
55
Calculate the remainder when 4638 is divided by 646.
116
What is the remainder when 104119 is divided by 79?
76
Calculate the remainder when 237253 is divided by 79079.
16
What is the remainder when 8919 is divided by 495?
9
Calculate the remainder when 4829 is divided by 345.
344
What is the remainder when 9218 is divided by 256?
2
Calculate the remainder when 3937783 is divided by 92.
91
What is the remainder when 200633 is divided by 27?
23
What is the remainder when 27843 is divided by 49?
11
Calculate the remainder when 120484 is divided by 500.
484
Calculate the remainder when 103758 is divided by 69.
51
What is the remainder when 1593946 is divided by 228?
226
Calculate the remainder when 1274 is divided by 630.
14
What is the remainder when 9070 is divided by 475?
45
Calculate the remainder when 2576857 is divided by 5651.
1
What is the remainder when 425277 is divided by 12508?
5
Calculate the remainder when 4018 is divided by 671.
663
Calculate the remainder when 12346 is divided by 955.
886
Calculate the remainder when 4467 is divided by 1442.
141
What is the remainder when 58742 is divided by 19?
13
What is the remainder when 1146 is divided by 991?
155
What is the remainder when 63218 is divided by 116?
114
What is the remainder when 20204 is divided by 163?
155
Calculate the remainder when 5584 is divided by 38.
36
What is the remainder when 52481 is divided by 8?
1
Calculate the remainder when 866 is divided by 145.
141
What is the remainder when 669 is divided by 198?
75
What is the remainder when 274882 is divided by 10572?
10
Calculate the remainder when 1715 is divided by 327.
80
Calculate the remainder when 16458 is divided by 147.
141
What is the remainder when 724386 is divided by 910?
26
Calculate the remainder when 9483 is divided by 341.
276
Calculate the remainder when 1692 is divided by 1025.
667
What is the remainder when 35957 is divided by 498?
101
Calculate the remainder when 23792 is divided by 485.
27
Calculate the remainder when 22704 is divided by 528.
0
What is the remainder when 2961627 is divided by 21?
18
Calculate the remainder when 912560 is divided by 304184.
8
Calculate the remainder when 1766 is divided by 56.
30
What is the remainder when 1873 is divided by 928?
17
What is the remainder when 1393084 is divided by 24?
4
Calculate the remainder when 205161 is divided by 873.
6
What is the remainder when 6466 is divided by 18?
4
Calculate the remainder when 1650 is divided by 77.
33
Calculate the remainder when 2866349 is divided by 970.
969
What is the remainder when 4814 is divided by 124?
102
What is the remainder when 1628879 is divided by 142?
139
Calculate the remainder when 67960 is divided by 132.
112
What is the remainder when 3330 is divided by 829?
14
Calculate the remainder when 878683 is divided by 29.
12
What is the remainder when 195777 is divided by 112?
1
What is the remainder when 24283 is divided by 6070?
3
Calculate the remainder when 314593 is divided by 7490.
13
Calculate the remainder when 192659 is divided by 119.
117
What is the remainder when 28187 is divided by 348?
347
What is the remainder when 20876 is divided by 195?
11
What is the remainder when 45846 is divided by 14?
10
Calculate the remainder when 8560 is divided by 2849.
13
What is the remainder when 16982 is divided by 459?
458
What is the remainder when 3022 is divided by 758?
748
What is the remainder when 668926 is divided by 379?
370
What is the remainder when 2410 is divided by 23?
18
What is the remainder when 38131 is divided by 171?
169
Calculate the remainder when 26819 is divided by 8935.
14
Calculate the remainder when 30142 is divided by 24.
22
What is the remainder when 46789 is divided by 260?
249
Calculate the remainder when 74238 is divided by 58.
56
Calculate the remainder when 437218 is divided by 20.
18
Calculate the remainder when 3383 is divided by 929.
596
Calculate the remainder when 17567 is divided by 61.
60
Calculate the remainder when 11471 is divided by 174.
161
Calculate the remainder when 1992 is divided by 63.
39
What is the remainder when 226026 is divided by 49?
38
What is the remainder when 24551 is divided by 248?
247
What is the remainder when 2501 is divided by 27?
17
What is the remainder when 22595 is divided by 3227?
6
Calculate the remainder when 5780 is divided by 469.
152
What is the remainder when 488433 is divided by 162808?
9
What is the remainder when 839 is divided by 29?
27
What is the remainder when 36635 is divided by 72?
59
What is the remainder when 2009914 is divided by 80?
74
What is the remainder when 3798 is divided by 1885?
28
What is the remainder when 139376 is divided by 202?
198
What is the remainder when 8146 is divided by 2015?
86
Calculate the remainder when 12338 is divided by 2461.
33
What is the remainder when 451 is divided by 214?
23
Calculate the remainder when 766830 is divided by 76.
66
Calculate the remainder when 33308 is divided by 16638.
32
Calculate the remainder when 18797 is divided by 1342.
9
Calculate the remainder when 29984 is divided by 157.
154
Calculate the remainder when 25785 is divided by 32.
25
What is the remainder when 15210 is divided by 464?
362
What is the remainder when 942 is divided by 310?
12
Calculate the remainder when 4266 is divided by 905.
646
What is the remainder when 48846 is divided by 8?
6
Calculate the remainder when 310527 is divided by 32.
31
What is the remainder when 6165 is divided by 516?
489
Calculate the remainder when 22349 is divided by 254.
251
What is the remainder when 4969 is divided by 91?
55
What is the remainder when 44212 is divided by 22024?
164
What is the remainder when 16729306 is divided by 54?
52
Calculate the remainder when 6649 is divided by 110.
49
Calculate the remainder when 117145 is divided by 23415.
70
What is the remainder when 964 is divided by 55?
29
What is the remainder when 18938 is divided by 9466?
6
Calculate the remainder when 209938 is divided by 60.
58
Calculate the remainder when 16171 is divided by 203.
134
Calculate the remainder when 773 is divided by 38.
13
What is the remainder when 58797 is divided by 280?
277
Calculate the remainder when 5490 is divided by 249.
12
Calculate the remainder when 12072 is divided by 12037.
35
What is the remainder when 52748 is divided by 635?
43
Calculate the remainder when 13208 is divided by 377.
13
Calculate the remainder when 519934 is divided by 519929.
5
Calculate the remainder when 364 is divided by 358.
6
Calculate the remainder when 6553 is divided by 382.
59
What is the remainder when 6899 is divided by 2295?
14
Calculate the remainder when 823 is divided by 127.
61
What is the remainder when 63147 is divided by 270?
237
What is the remainder when 17511 is divided by 17501?
10
Calculate the remainder when 20199 is divided by 495.
399
What is the remainder when 1156683 is divided by 1984?
11
Calculate the remainder when 52901 is divided by 1058.
1
Calculate the remainder when 1903 is divided by 101.
85
What is the remainder when 49079 is divided by 49063?
16
Calculate the remainder when 211809 is divided by 66.
15
What is the remainder when 846554 is divided by 366?
362
Calculate the remainder when 1054 is divided by 199.
59
Calculate the remainder when 17168 is divided by 11.
8
Calculate the remainder when 10468 is divided by 5096.
276
What is the remainder when 3974 is divided by 147?
5
Calculate the remainder when 2723 is divided by 339.
11
What is the remainder when 4280 is divided by 2051?
17